 14?
-45b9567
In base 11, what is 47571 + 93?
47654
In base 12, what is -278aa - -124?
-27786
In base 9, what is -5 - 75651504?
-75651510
In base 7, what is -11 - -451224415?
451224404
In base 6, what is 204 - -20241023?
20241231
In base 3, what is -210120 + 220201202?
212221012
In base 8, what is 134275716 - -5?
134275723
In base 4, what is -200200 - -303203023?
303002223
In base 9, what is -180 + 2454737?
2454547
In base 16, what is 2cef9 - -6?
2ceff
In base 2, what is 10001000011111101010001111 + -10100?
10001000011111101001111011
In base 9, what is 1 - 11754864?
-11754863
In base 15, what is 10d5c0 + 26?
10d5e6
In base 15, what is 1 - -7cbc2a0?
7cbc2a1
In base 4, what is 11303333212102 - 22?
11303333212020
In base 8, what is 575240227 + 1?
575240230
In base 15, what is -1 + -1512de33?
-1512de34
In base 9, what is 2660818 - 71?
2660737
In base 10, what is 2687535 + 86?
2687621
In base 10, what is -583949 + 414?
-583535
In base 13, what is a2 + 174082?
174154
In base 3, what is -11 + 20200110020220221?
20200110020220210
In base 10, what is 2629 - -17687?
20316
In base 8, what is -26645 - 12110?
-40755
In base 14, what is 5b4 - 1a9d?
-14c9
In base 15, what is -10 + 26418?
26408
In base 7, what is -5160665 + -1254?
-5162252
In base 6, what is 340 - -33255425?
33300205
In base 12, what is -1a1 - 188b4?
-18a95
In base 14, what is 2d39db5 - -2?
2d39db7
In base 6, what is 3 - -3110421001?
3110421004
In base 11, what is -8800 + -9697?
-17397
In base 2, what is 101000000101001010 + -1000000111?
100111111101000011
In base 10, what is 3 - -4074379?
4074382
In base 4, what is 13223302232 + -221?
13223302011
In base 6, what is -34041333 - -12?
-34041321
In base 9, what is -33658350 + 3?
-33658346
In base 10, what is 4 - -13718076?
13718080
In base 14, what is 5d982 - 10?
5d972
In base 11, what is 5 - 89562?
-89558
In base 10, what is -6820385 - 5?
-6820390
In base 10, what is 5013836 + 0?
5013836
In base 11, what is 2421186a + 4?
24211873
In base 4, what is -20222 + 103300222?
103220000
In base 4, what is 30120323231 - -20?
30120323311
In base 5, what is -1302223 + -42412?
-1400140
In base 9, what is 2447 + -6827?
-4370
In base 16, what is -5 + -3143bde?
-3143be3
In base 7, what is 3162033 + -10?
3162023
In base 14, what is -2b6 - 61c6?
-649c
In base 6, what is 2121050420 - 3?
2121050413
In base 2, what is -101010010001100000 + -101101001000?
-101010111110101000
In base 10, what is -3 + 1292464?
1292461
In base 8, what is -545 - 24527?
-25274
In base 2, what is 11 - 1000111010111011111100?
-1000111010111011111001
In base 5, what is -1101441301420 - 2?
-1101441301422
In base 10, what is 48543 + -1510?
47033
In base 3, what is 1 + 2220120222220?
2220120222221
In base 7, what is -3 + -243345445?
-243345451
In base 11, what is -2 - -10a994580?
10a994579
In base 2, what is -1100000101011010001010110001 + 11?
-1100000101011010001010101110
In base 4, what is 13 + 2113101221?
2113101300
In base 10, what is 3186461 + 1?
3186462
In base 6, what is -21530521 - 3002?
-21533523
In base 10, what is 4 + 74322752?
74322756
In base 9, what is 2 + -28171168?
-28171166
In base 8, what is 60 - 2517133?
-2517053
In base 7, what is 206613 - 22003?
154610
In base 6, what is -10121 - 11345030?
-11355151
In base 5, what is -10 - 343234041?
-343234101
In base 12, what is 6a4 - 8804?
-8120
In base 15, what is 3 - dabb0e0?
-dabb0dc
In base 6, what is 403213034 - -1?
403213035
In base 10, what is 1010 - 11944?
-10934
In base 11, what is -79 - -857963?
857895
In base 14, what is -15343 + a6?
-1527b
In base 7, what is -3624552 + 23?
-3624526
In base 8, what is 61064 + 1305?
62371
In base 7, what is -14443 + -42046?
-56522
In base 7, what is -36 - -3330154?
3330115
In base 9, what is -101761 + -808?
-102670
In base 9, what is -7 + -1015806?
-1015814
In base 16, what is 8a3 + 2d9a?
363d
In base 13, what is -5 + -495a1b70?
-495a1b75
In base 6, what is -514 + 415451?
414533
In base 13, what is c + 200527?
200536
In base 9, what is -2 + 24042273?
24042271
In base 6, what is -1031 + -12303315?
-12304350
In base 12, what is -167b9119 - 0?
-167b9119
In base 6, what is -3225303342 + 51?
-3225303251
In base 13, what is -4556 + -c18c?
-13715
In base 4, what is 21113122320 + -13?
21113122301
In base 2, what is -1011100110010011111001 + -111?
-1011100110010100000000
In base 11, what is 3 - 80259207?
-80259204
In base 3, what is 112022021 + -10111222?
101210022
In base 3, what is -220202001202 - 1020001?
-220210021210
In base 11, what is -5 + -1459886a?
-14598874
In base 5, what is 104342 + 1403303?
2013200
In base 4, what is 33103003321203 + 0?
33103003321203
In base 13, what is 44 - -164b1?
16525
In base 9, what is -17101045 - -158?
-17100776
In base 13, what is -5 - 1427c3a?
-1427c42
In base 6, what is -24220013 - 3?
-24220020
In base 15, what is 7 - 1e113d8?
-1e113d1
In base 16, what is -340b049 + c?
-340b03d
In base 13, what is 1 - -613ab55?
613ab56
In base 8, what is 564 - 52606?
-52022
In base 14, what is -2368d4 + 182?
-236752
In base 2, what is 101 - 11110011011001101110?
-11110011011001101001
In base 15, what is 7b9 + 1472a?
14ee4
In base 8, what is 20 + 264456?
264476
In base 16, what is 0 - 5959be?
-5959be
In base 10, what is -4 + -27364?
-27368
In base 10, what is -176868 - -3976?
-172892
In base 7, what is -11131 + -512?
-11643
In base 4, what is 102 - -1333023322?
1333030030
In base 10, what is 1295653 - -33?
1295686
In base 6, what is -2040405112 - 13?
-2040405125
In base 10, what is -19 + 403254?
403235
In base 3, what is 2 + 10012100201012101?
10012100201012110
In base 10, what is 1720 - 111649?
-109929
In base 8, what is 4 - -511613601?
511613605
In base 8, what is 24 + -127275?
-127251
In base 11, what is 147667 + -2a?
147638
In base 16, what is 90439e - -6?
9043a4
In base 3, what is -12 - -112110122011010021?
112110122011010002
In base 11, what is 163a51a7 - 4?
163a51a3
In base 15, what is 85662dd - -4?
85662e2
In base 4, what is -1113123 - 1001?
-1120130
In base 15, what is -19bc996 - c?
-19bc9a3
In base 16, what is e + e0c526?
e0c534
In base 4, what is -10103120312133 + -3?
-10103120312202
In base 9, what is 3823 - -1374?
5307
In base 3, what is -12020211010120 + 2?
-12020211010111
In base 9, what is -155666702 + 1?
-155666701
In base 12, what is 2437 - -174?
25ab
In base 13, what is -4cc1 + -72?
-5063
In base 15, what is -246 + 9935?
96de
In base 13, what is -3 - 2a491c2?
-2a491c5
In base 9, what is 10036452 - -2?
10036454
In base 4, what is 2 - 123032032031?
-123032032023
In base 11, what is 88 + -1a3427?
-1a334a
In base 9, what is 708 + -1202165?
-1201356
In base 9, what is -250570 - -3411?
-246158
In base 11, what is 110 - 238603?
-2384a3
In base 5, what is -10 + -22040403031?
-22040403041
In base 15, what is -4 - -5a9470?
5a946b
In base 10, what is -729797 - 402?
-730199
In base 5, what is 414 - 14422221?
-14421302
In base 12, what is -6307182 + 1?
-6307181
In base 8, what is 0 - 22724056?
-22724056
In base 12, what is 5 - -7940741?
7940746
In base 10, what is 11245451 - 5?
11245446
In base 12, what is -3b2688b - -3b?
-3b26850
In base 8, what is 243 - -124022?
124265
In base 7, what is 211256612 + -3?
211256606
In base 10, what is 34162150 - 0?
34162150
In base 8, what is 32402 - 4441?
25741
In base 11, what is 250 + -19455?
-19205
In base 5, what is -23002 + 2304414?
2231412
In base 15, what is 1bb - 2b6e4?
-2b528
In base 15, what is 77cee9 - 5?
77cee4
In base 10, what is -188090694 - -5?
-188090689
In base 6, what is -1 + -21310341333?
-21310341334
In base 11, what is -3 + -7242951?
-7242954
In base 15, what is -10d140 - 12?
-10d152
In base 15, what is -4270 - -2d3?
-3e8c
In base 16, what is -297 + 26f?
-28
In base 12, what is 2965 + 1964?
4709
In base 11, what is -12 + 194960a?
19495a8
In base 8, what is -1014 - -55776?
54762
In base 11, what is -67 + -774228?
-774294
In base 5, what is 1 + -22003443?
-22003442
In base 13, what is -22b312bcc + 2?
-22b312bca
In base 12, what is 3 + -127112a?
-1271127
In base 14, what is 6791 - 2551?
4240
In base 13, what is 320b98a + 3?
320b990
In base 15, what is 294 + 5527a?
5551e
In base 13, what is 1947a - 890a?
10870
In base 2, what is -1000001111101 + -1011000101?
-1001101000010
In base 13, what is 93082b1 - -30?
9308311
In